{"id":48,"date":"2015-12-07T21:49:28","date_gmt":"2015-12-07T20:49:28","guid":{"rendered":"http:\/\/urhof-dannemann.de\/?page_id=48"},"modified":"2018-11-08T11:22:00","modified_gmt":"2018-11-08T10:22:00","slug":"geschichte","status":"publish","type":"page","link":"https:\/\/www.urhof-dannemann.de\/index.php\/geschichte\/","title":{"rendered":"Geschichte"},"content":{"rendered":"<p><a href=\"http:\/\/urhof-dannemann.de\/wp-content\/uploads\/2018\/02\/chronikbild-240x300-1.jpg\"><img loading=\"lazy\" decoding=\"async\" class=\"alignright size-medium wp-image-210\" src=\"http:\/\/urhof-dannemann.de\/wp-content\/uploads\/2018\/02\/chronikbild-240x300-1-240x300.jpg\" alt=\"\" width=\"240\" height=\"300\" srcset=\"https:\/\/www.urhof-dannemann.de\/wp-content\/uploads\/2018\/02\/chronikbild-240x300-1.jpg 240w, https:\/\/www.urhof-dannemann.de\/wp-content\/uploads\/2018\/02\/chronikbild-240x300-1-120x150.jpg 120w\" sizes=\"auto, (max-width: 240px) 100vw, 240px\" \/><\/a>Der Hof Dannemann ist einer der \u00e4ltesten H\u00f6fe in Westerburg. Er wird 1581 zum ersten Mal erw\u00e4hnt. Alles weitere ist in der 2017 fertiggestellen Chronik des Hofes nachzulesen.<\/p>\n<p><a href=\"http:\/\/urhof-dannemann.de\/wp-content\/uploads\/2018\/11\/chronik-dannemann-Teil1.pdf\">chronik-dannemann-Teil1<\/a><\/p>\n<p>(Inhaltsangabe, Vorwort, 1530 &#8211; 1856)<\/p>\n<p><a href=\"http:\/\/urhof-dannemann.de\/wp-content\/uploads\/2018\/11\/chronik-dannemann-Teil2.pdf\">chronik-dannemann-Teil2<\/a><\/p>\n<p>(1813 &#8211; 2017, Erl\u00e4uterungen, Nachtr\u00e4ge &#8211; Karten, Bilder des Hofes, Artikel: Georg von Lindern, Die Familie Dannemann)<\/p>\n<p>&nbsp;<\/p>\n","protected":false},"excerpt":{"rendered":"<p>Der Hof Dannemann ist einer der \u00e4ltesten H\u00f6fe in Westerburg. Er wird 1581 zum ersten Mal erw\u00e4hnt. Alles weitere ist in der 2017 fertiggestellen Chronik des Hofes nachzulesen. chronik-dannemann-Teil1 (Inhaltsangabe, Vorwort, 1530 &#8211; 1856) chronik-dannemann-Teil2 (1813 &#8211; 2017, Erl\u00e4uterungen, Nachtr\u00e4ge &#8211; Karten, Bilder des Hofes, Artikel: Georg von Lindern, Die\u2026<\/p>\n<p> <a class=\"continue-reading-link\" href=\"https:\/\/www.urhof-dannemann.de\/index.php\/geschichte\/\"><span>Weiterlesen<\/span><i class=\"crycon-right-dir\"><\/i><\/a> <\/p>\n","protected":false},"author":1,"featured_media":0,"parent":0,"menu_order":5,"comment_status":"closed","ping_status":"closed","template":"","meta":{"footnotes":""},"class_list":["post-48","page","type-page","status-publish","hentry"],"_links":{"self":[{"href":"https:\/\/www.urhof-dannemann.de\/index.php\/wp-json\/wp\/v2\/pages\/48","targetHints":{"allow":["GET"]}}],"collection":[{"href":"https:\/\/www.urhof-dannemann.de\/index.php\/wp-json\/wp\/v2\/pages"}],"about":[{"href":"https:\/\/www.urhof-dannemann.de\/index.php\/wp-json\/wp\/v2\/types\/page"}],"author":[{"embeddable":true,"href":"https:\/\/www.urhof-dannemann.de\/index.php\/wp-json\/wp\/v2\/users\/1"}],"replies":[{"embeddable":true,"href":"https:\/\/www.urhof-dannemann.de\/index.php\/wp-json\/wp\/v2\/comments?post=48"}],"version-history":[{"count":13,"href":"https:\/\/www.urhof-dannemann.de\/index.php\/wp-json\/wp\/v2\/pages\/48\/revisions"}],"predecessor-version":[{"id":389,"href":"https:\/\/www.urhof-dannemann.de\/index.php\/wp-json\/wp\/v2\/pages\/48\/revisions\/389"}],"wp:attachment":[{"href":"https:\/\/www.urhof-dannemann.de\/index.php\/wp-json\/wp\/v2\/media?parent=48"}],"curies":[{"name":"wp","href":"https:\/\/api.w.org\/{rel}","templated":true}]}}