{"id":343,"date":"2020-09-03T19:36:38","date_gmt":"2020-09-03T17:36:38","guid":{"rendered":"http:\/\/www.urhof-dannemann.de\/?page_id=343"},"modified":"2020-09-03T19:37:52","modified_gmt":"2020-09-03T17:37:52","slug":"der-vorkeimraum","status":"publish","type":"page","link":"https:\/\/www.urhof-dannemann.de\/index.php\/umgebung\/der-vorkeimraum\/","title":{"rendered":"Der Vorkeimraum"},"content":{"rendered":"\n<figure class=\"wp-block-image size-large\"><img loading=\"lazy\" decoding=\"async\" width=\"1024\" height=\"683\" src=\"https:\/\/www.urhof-dannemann.de\/wp-content\/uploads\/2018\/02\/keimhalle-1024x683.jpg\" alt=\"\" class=\"wp-image-282\" srcset=\"https:\/\/www.urhof-dannemann.de\/wp-content\/uploads\/2018\/02\/keimhalle-1024x683.jpg 1024w, https:\/\/www.urhof-dannemann.de\/wp-content\/uploads\/2018\/02\/keimhalle-300x200.jpg 300w, https:\/\/www.urhof-dannemann.de\/wp-content\/uploads\/2018\/02\/keimhalle-768x512.jpg 768w, https:\/\/www.urhof-dannemann.de\/wp-content\/uploads\/2018\/02\/keimhalle-150x100.jpg 150w, https:\/\/www.urhof-dannemann.de\/wp-content\/uploads\/2018\/02\/keimhalle.jpg 1200w\" sizes=\"auto, (max-width: 1024px) 100vw, 1024px\" \/><\/figure>\n\n\n\n<p><\/p>\n\n\n\n<p><\/p>\n\n\n\n<p>Ein Teil der Kartoffeln wird ab Februar vorgekeimt<\/p>\n\n\n\n<p>Das Vorkeimen von Pflanzkartoffeln ist im \u00d6ko-Landbau und bei Fr\u00fchkartoffeln eine der wichtigsten Massnahmen, um Ertr\u00e4ge zu sichern. Untersuchungen zeigen, dass z.B. bei der Sorte Cilena durch Vorkeimen deutlich h\u00f6here Ertr\u00e4ge erreicht werden.<\/p>\n\n\n\n<p>Entscheidend beim Vorkeimen ist die Steuerung durch Licht- und Temperatureinfluss. Nur so gelingt es, stabile Lichtkeime zu erzeugen, die beim Legen nicht abbrechen.<\/p>\n","protected":false},"excerpt":{"rendered":"<p>Ein Teil der Kartoffeln wird ab Februar vorgekeimt Das Vorkeimen von Pflanzkartoffeln ist im \u00d6ko-Landbau und bei Fr\u00fchkartoffeln eine der wichtigsten Massnahmen, um Ertr\u00e4ge zu sichern. Untersuchungen zeigen, dass z.B. bei der Sorte Cilena durch Vorkeimen deutlich h\u00f6here Ertr\u00e4ge erreicht werden. Entscheidend beim Vorkeimen ist die Steuerung durch Licht- und\u2026<\/p>\n<p> <a class=\"continue-reading-link\" href=\"https:\/\/www.urhof-dannemann.de\/index.php\/umgebung\/der-vorkeimraum\/\"><span>Weiterlesen<\/span><i class=\"crycon-right-dir\"><\/i><\/a> <\/p>\n","protected":false},"author":1,"featured_media":0,"parent":104,"menu_order":0,"comment_status":"closed","ping_status":"closed","template":"","meta":{"footnotes":""},"class_list":["post-343","page","type-page","status-publish","hentry"],"_links":{"self":[{"href":"https:\/\/www.urhof-dannemann.de\/index.php\/wp-json\/wp\/v2\/pages\/343","targetHints":{"allow":["GET"]}}],"collection":[{"href":"https:\/\/www.urhof-dannemann.de\/index.php\/wp-json\/wp\/v2\/pages"}],"about":[{"href":"https:\/\/www.urhof-dannemann.de\/index.php\/wp-json\/wp\/v2\/types\/page"}],"author":[{"embeddable":true,"href":"https:\/\/www.urhof-dannemann.de\/index.php\/wp-json\/wp\/v2\/users\/1"}],"replies":[{"embeddable":true,"href":"https:\/\/www.urhof-dannemann.de\/index.php\/wp-json\/wp\/v2\/comments?post=343"}],"version-history":[{"count":1,"href":"https:\/\/www.urhof-dannemann.de\/index.php\/wp-json\/wp\/v2\/pages\/343\/revisions"}],"predecessor-version":[{"id":344,"href":"https:\/\/www.urhof-dannemann.de\/index.php\/wp-json\/wp\/v2\/pages\/343\/revisions\/344"}],"up":[{"embeddable":true,"href":"https:\/\/www.urhof-dannemann.de\/index.php\/wp-json\/wp\/v2\/pages\/104"}],"wp:attachment":[{"href":"https:\/\/www.urhof-dannemann.de\/index.php\/wp-json\/wp\/v2\/media?parent=343"}],"curies":[{"name":"wp","href":"https:\/\/api.w.org\/{rel}","templated":true}]}}